e the highest common factor of 40 and 15.
5
What is the greatest common divisor of 19 and 285?
19
What is the highest common factor of 121 and 44?
11
What is the highest common factor of 288 and 9?
9
Calculate the greatest common factor of 24 and 3.
3
What is the highest common divisor of 6 and 160?
2
What is the greatest common divisor of 2110 and 90?
10
What is the highest common divisor of 1235 and 380?
95
What is the greatest common divisor of 1189 and 551?
29
What is the greatest common divisor of 193 and 46513?
193
Calculate the greatest common divisor of 240 and 192.
48
What is the highest common divisor of 28 and 2954?
14
What is the greatest common factor of 9080 and 5?
5
Calculate the greatest common factor of 609 and 174.
87
What is the greatest common divisor of 871 and 52?
13
Calculate the highest common divisor of 24775 and 50.
25
What is the highest common factor of 36 and 102?
6
What is the greatest common factor of 261 and 377?
29
Calculate the greatest common divisor of 38 and 1634.
38
Calculate the greatest common factor of 840 and 1440.
120
Calculate the highest common factor of 697 and 1241.
17
Calculate the highest common divisor of 66 and 638.
22
Calculate the highest common divisor of 16 and 28.
4
What is the greatest common divisor of 6402 and 97?
97
Calculate the highest common divisor of 674 and 2.
2
What is the greatest common factor of 44 and 34?
2
What is the highest common factor of 176 and 4752?
176
What is the highest common factor of 53 and 7897?
53
What is the greatest common divisor of 29962 and 211?
211
What is the greatest common factor of 334 and 2?
2
Calculate the highest common divisor of 630 and 1155.
105
What is the greatest common divisor of 11 and 20482?
11
What is the greatest common factor of 222 and 9?
3
Calculate the greatest common divisor of 29 and 66149.
29
What is the greatest common factor of 664 and 83?
83
Calculate the highest common factor of 162 and 1854.
18
What is the greatest common factor of 5194 and 106?
106
Calculate the greatest common divisor of 77 and 1232.
77
What is the highest common divisor of 6300 and 306?
18
What is the highest common divisor of 9131 and 23?
23
What is the highest common factor of 8 and 896?
8
Calculate the highest common factor of 126 and 336.
42
What is the greatest common factor of 2139 and 46?
23
What is the greatest common divisor of 144 and 384?
48
What is the highest common factor of 4069 and 13?
13
What is the greatest common factor of 22 and 1034?
22
What is the highest common divisor of 7 and 5?
1
Calculate the greatest common divisor of 84 and 861.
21
Calculate the highest common divisor of 78 and 1248.
78
What is the greatest common factor of 26 and 26?
26
Calculate the highest common divisor of 45 and 1560.
15
What is the greatest common factor of 3737 and 37?
37
Calculate the greatest common divisor of 990 and 390.
30
Calculate the greatest common factor of 54 and 513.
27
What is the greatest common divisor of 30368 and 73?
73
What is the highest common factor of 17 and 46801?
17
Calculate the greatest common divisor of 154 and 66.
22
What is the highest common factor of 48 and 2352?
48
What is the highest common divisor of 2989 and 147?
49
What is the highest common factor of 115 and 368?
23
What is the highest common factor of 168 and 196?
28
Calculate the greatest common factor of 126 and 36.
18
What is the highest common divisor of 10 and 90?
10
Calculate the greatest common divisor of 234 and 1326.
78
Calculate the highest common factor of 1050 and 140.
70
Calculate the highest common divisor of 6528 and 102.
102
What is the highest common divisor of 20 and 2620?
20
Calculate the highest common divisor of 792 and 495.
99
Calculate the greatest common factor of 2597 and 106.
53
Calculate the highest common factor of 285 and 2375.
95
Calculate the highest common factor of 6807 and 3.
3
Calculate the greatest common factor of 770 and 1958.
22
Calculate the greatest common divisor of 5 and 36415.
5
Calculate the highest common factor of 36 and 16.
4
What is the greatest common divisor of 70 and 126?
14
Calculate the greatest common divisor of 286 and 1892.
22
Calculate the greatest common divisor of 5928 and 380.
76
What is the highest common factor of 100 and 32625?
25
Calculate the greatest common divisor of 524 and 112.
4
What is the greatest common divisor of 1032 and 12?
12
What is the highest common divisor of 4176 and 144?
144
Calculate the greatest common divisor of 62 and 1643.
31
What is the greatest common factor of 165 and 198?
33
What is the greatest common divisor of 6 and 92?
2
What is the highest common divisor of 220 and 70?
10
What is the highest common divisor of 748 and 476?
68
Calculate the highest common divisor of 550 and 990.
110
What is the highest common factor of 65 and 13?
13
Calculate the highest common factor of 1639 and 11.
11
Calculate the greatest common divisor of 723 and 3.
3
Calculate the greatest common divisor of 129 and 86.
43
Calculate the greatest common divisor of 8240 and 8.
8
What is the highest common factor of 252 and 8?
4
What is the highest common factor of 223 and 1?
1
Calculate the greatest common factor of 21 and 1659.
21
What is the greatest common factor of 851 and 74?
37
Calculate the greatest common divisor of 1305 and 4815.
45
What is the greatest common divisor of 2679 and 94?
47
Calculate the highest common divisor of 16370 and 10.
10
Calculate the highest common factor of 10503 and 81.
27
Calculate the greatest common divisor of 365 and 25.
5
Calculate the greatest common divisor of 1 and 3340.
1
Calculate the greatest common factor of 40 and 460.
20
What is the greatest common factor of 3586 and 22?
22
Calculate the greatest common factor of 364 and 26.
26
Calculate the highest common factor of 200 and 6100.
100
What is the highest common factor of 132 and 759?
33
Calculate the greatest common divisor of 159 and 689.
53
Calculate the greatest common divisor of 1240 and 6944.
248
Calculate the highest common divisor of 5109 and 13.
13
What is the highest common divisor of 30 and 540?
30
Calculate the highest common divisor of 85 and 51.
17
What is the greatest common factor of 32 and 1968?
16
Calculate the highest common factor of 64 and 32.
32
Calculate the greatest common factor of 118 and 295.
59
Calculate the highest common factor of 36288 and 96.
96
What is the greatest common divisor of 234 and 18?
18
Calculate the greatest common factor of 30 and 4320.
30
Calculate the greatest common factor of 154 and 1364.
22
What is the greatest common factor of 9 and 9?
9
What is the highest common factor of 35 and 70?
35
Calculate the highest common divisor of 9 and 41859.
9
Calculate the greatest common factor of 25 and 28625.
25
What is the highest common factor of 271 and 15989?
271
Calculate the greatest common factor of 308 and 70.
14
Calculate the greatest common factor of 4961 and 847.
121
Calculate the greatest common divisor of 57 and 24681.
57
Calculate the highest common divisor of 400 and 260.
20
What is the greatest common divisor of 16 and 14672?
16
Calculate the greatest common factor of 147 and 3.
3
What is the highest common factor of 4304 and 272?
16
Calculate the greatest common divisor of 15386 and 98.
98
What is the highest common divisor of 27 and 144?
9
Calculate the greatest common divisor of 1312 and 820.
164
What is the highest common divisor of 135 and 360?
45
Calculate the highest common factor of 41 and 164.
41
Calculate the highest common factor of 100 and 19700.
100
What is the greatest common factor of 15 and 21?
3
Calculate the highest common divisor of 108 and 5004.
36
Calculate the greatest common divisor of 33 and 31746.
33
Calculate the greatest common divisor of 69 and 16.
1
What is the highest common divisor of 1207 and 17?
17
What is the greatest common factor of 25218 and 54?
54
What is the highest common divisor of 51 and 1343?
17
Calculate the greatest common factor of 1325 and 53.
53
What is the greatest common factor of 23 and 5?
1
Calculate the highest common divisor of 832 and 26.
26
What is the highest common factor of 3587 and 6963?
211
What is the highest common divisor of 39 and 1170?
39
Calculate the highest common divisor of 37 an